{"id":4909,"date":"2026-03-09T19:17:11","date_gmt":"2026-03-09T18:17:11","guid":{"rendered":"https:\/\/pik-mi.pl\/?post_type=product&#038;p=4909"},"modified":"2026-03-09T19:17:34","modified_gmt":"2026-03-09T18:17:34","slug":"a-wez-sie-pier-dolami-nie-przejmuj-kolor-bialy","status":"publish","type":"product","link":"https:\/\/pik-mi.pl\/?product=a-wez-sie-pier-dolami-nie-przejmuj-kolor-bialy","title":{"rendered":"A we\u017a si\u0119 pier&#8230; do\u0142ami nie przejmuj, kolor bia\u0142y"},"content":{"rendered":"","protected":false},"excerpt":{"rendered":"<p><!--StartFragment --><\/p>\n<p>Poznaj wyj\u0105tkow\u0105 koszulk\u0119 \u201ea we\u017a si\u0119 pier\u2026 do\u0142ami nie przejmuj\u201d, stworzon\u0105 dla os\u00f3b, kt\u00f3re lubi\u0105 dystans do \u015bwiata i odrobin\u0119 przewrotnego humoru. Oryginalny napis uzupe\u0142niaj\u0105 urocze kwiatki oraz chmurka burzowa ze s\u0142odkim u\u015bmiechem, dzi\u0119ki czemu ca\u0142o\u015b\u0107 \u0142\u0105czy luz, ironi\u0119 i pozytywn\u0105 energi\u0119. To idealny wyb\u00f3r na co dzie\u0144, na prezent lub jako wyraz w\u0142asnego stylu.<\/p>\n<h3>Dlaczego warto?<\/h3>\n<ul>\n<li><strong>Unikalny nadruk<\/strong>\u00a0przyci\u0105gaj\u0105cy uwag\u0119,<\/li>\n<li><strong>Wysoka jako\u015b\u0107 wykonania <\/strong>&#8211; trwa\u0142y nadruk odporny na pranie, 100% bawe\u0142na, gramatura: 190 g\/m\u00b2<\/li>\n<li><strong>Idealna na co dzie\u0144,<\/strong> na wyj\u015bcia i jako prezent,<\/li>\n<li><strong>Dost\u0119pna w r\u00f3\u017cnych rozmiarach<\/strong> \u2013 od XS do XXXL, w wersji unisex.<\/li>\n<\/ul>\n<p>Ta koszulka to nie tylko modny dodatek, ale te\u017c ma\u0142e przypomnienie, \u017ceby nie przejmowa\u0107 si\u0119 drobiazgami i i\u015b\u0107 przez \u017cycie z u\u015bmiechem.<\/p>\n<p>&nbsp;<\/p>\n<p><img decoding=\"async\" src=\"https:\/\/pik-mi.pl\/wp-content\/uploads\/2025\/10\/rozmiarowka-koszulki-regular.webp\" alt=\"rozmiarowka\" \/><br \/>\n<!--EndFragment --><\/p>\n","protected":false},"featured_media":4908,"comment_status":"open","ping_status":"closed","template":"","meta":{"jetpack_publicize_message":"","jetpack_publicize_feature_enabled":true,"jetpack_social_post_already_shared":true,"jetpack_social_options":{"image_generator_settings":{"template":"highway","default_image_id":0,"font":"","enabled":false},"version":2}},"product_brand":[],"product_cat":[56,62],"product_tag":[],"class_list":{"0":"post-4909","1":"product","2":"type-product","3":"status-publish","4":"has-post-thumbnail","6":"product_cat-koszulki","7":"product_cat-z-humorem","9":"first","10":"instock","11":"shipping-taxable","12":"purchasable","13":"product-type-variable","14":"has-default-attributes"},"jetpack_publicize_connections":[],"_links":{"self":[{"href":"https:\/\/pik-mi.pl\/index.php?rest_route=\/wp\/v2\/product\/4909","targetHints":{"allow":["GET"]}}],"collection":[{"href":"https:\/\/pik-mi.pl\/index.php?rest_route=\/wp\/v2\/product"}],"about":[{"href":"https:\/\/pik-mi.pl\/index.php?rest_route=\/wp\/v2\/types\/product"}],"replies":[{"embeddable":true,"href":"https:\/\/pik-mi.pl\/index.php?rest_route=%2Fwp%2Fv2%2Fcomments&post=4909"}],"wp:featuredmedia":[{"embeddable":true,"href":"https:\/\/pik-mi.pl\/index.php?rest_route=\/wp\/v2\/media\/4908"}],"wp:attachment":[{"href":"https:\/\/pik-mi.pl\/index.php?rest_route=%2Fwp%2Fv2%2Fmedia&parent=4909"}],"wp:term":[{"taxonomy":"product_brand","embeddable":true,"href":"https:\/\/pik-mi.pl\/index.php?rest_route=%2Fwp%2Fv2%2Fproduct_brand&post=4909"},{"taxonomy":"product_cat","embeddable":true,"href":"https:\/\/pik-mi.pl\/index.php?rest_route=%2Fwp%2Fv2%2Fproduct_cat&post=4909"},{"taxonomy":"product_tag","embeddable":true,"href":"https:\/\/pik-mi.pl\/index.php?rest_route=%2Fwp%2Fv2%2Fproduct_tag&post=4909"}],"curies":[{"name":"wp","href":"https:\/\/api.w.org\/{rel}","templated":true}]}}