{"id":4742,"date":"2026-02-27T13:26:40","date_gmt":"2026-02-27T12:26:40","guid":{"rendered":"https:\/\/pik-mi.pl\/?post_type=product&#038;p=4742"},"modified":"2026-02-27T14:19:51","modified_gmt":"2026-02-27T13:19:51","slug":"bukiet-dla-niej-kolor-bialy","status":"publish","type":"product","link":"https:\/\/pik-mi.pl\/?product=bukiet-dla-niej-kolor-bialy","title":{"rendered":"Bukiet dla niej, kolor bia\u0142y"},"content":{"rendered":"","protected":false},"excerpt":{"rendered":"<p><!--StartFragment --><\/p>\n<p><!--StartFragment --><\/p>\n<p><!--StartFragment --><\/p>\n<p><!--StartFragment --><\/p>\n<p><!--StartFragment --><\/p>\n<p><!--StartFragment --><\/p>\n<p><!--StartFragment --><\/p>\n<p><!--StartFragment --><\/p>\n<p><!--StartFragment --><\/p>\n<p><!--StartFragment --><\/p>\n<p><!--StartFragment --><\/p>\n<p><!--StartFragment --><\/p>\n<p><!--StartFragment --><\/p>\n<p><!--StartFragment --><\/p>\n<p><!--StartFragment --><\/p>\n<p><!--StartFragment --><\/p>\n<p><!--StartFragment --><\/p>\n<p><!--StartFragment --><\/p>\n<p><!--StartFragment --><\/p>\n<p><!--StartFragment --><\/p>\n<p><!--StartFragment --><\/p>\n<p data-path-to-node=\"3\">Szukasz prezentu, kt\u00f3ry m\u00f3wi wi\u0119cej ni\u017c tysi\u0105c s\u0142\u00f3w? Nasza unikalna koszulka na <b data-path-to-node=\"3\" data-index-in-node=\"80\">Dzie\u0144 Kobiet<\/b> to nie tylko modny element garderoby, ale przede wszystkim osobiste wyznanie zamkni\u0119te w pi\u0119knej ilustracji.<br \/>\nNa pierwszy ryk oka to subtelny, artystyczny bukiet kwiat\u00f3w. Jednak diabe\u0142 (a w tym przypadku \u2013 pi\u0119kno!) tkwi w szczeg\u00f3\u0142ach. W misternie splecionych \u0142odygach ukryli\u015bmy pi\u0119\u0107 pot\u0119\u017cnych s\u0142\u00f3w, kt\u00f3re definiuj\u0105 ka\u017cd\u0105 wyj\u0105tkow\u0105 kobiet\u0119:<\/p>\n<p data-path-to-node=\"5\">&#8211; Odwa\u017cna<br \/>\n&#8211; M\u0105dra<br \/>\n&#8211; Pi\u0119kna<br \/>\n&#8211; Pracowita<br \/>\n&#8211; Zabawna<\/p>\n<p data-path-to-node=\"7\">To idealny spos\u00f3b, aby doceni\u0107 jej charakter w spos\u00f3b nienachalny, a jednocze\u015bnie niezwykle pomys\u0142owy.<\/p>\n<p>\u2705 Dlaczego warto?<\/p>\n<ul>\n<li><strong>Unikatowa, ilustracyjna grafika<\/strong> \u2013 r\u0119cznie rysowana<\/li>\n<li><strong>Wysoka jako\u015b\u0107 nadruku<\/strong> \u2013 trwa\u0142y, odporny na pranie, zachowuje detale ilustracji<\/li>\n<li><strong>Wysoka jako\u015b\u0107 wykonania<\/strong> \u2013 trwa\u0142y nadruk odporny na pranie, 100% bawe\u0142na, gramatura: 190 g\/m\u00b2<\/li>\n<li><strong>Unisex i uniwersalny kr\u00f3j<\/strong> \u2013 dost\u0119pna w rozmiarach S\u2013XXXL<\/li>\n<li><strong>Idealna na prezent<\/strong> \u2013 Doskona\u0142a jako upominek dla \u017cony, mamy, siostry czy przyjaci\u00f3\u0142ki.<\/li>\n<\/ul>\n<p><!--EndFragment --><\/p>\n<p><!--EndFragment --><\/p>\n<p><!--EndFragment --><\/p>\n<p><!--EndFragment --><\/p>\n<p><!--EndFragment --><\/p>\n<p><!--EndFragment --><\/p>\n<p><!--EndFragment --><\/p>\n<p><!--EndFragment --><\/p>\n<p><!--EndFragment --><\/p>\n<p><!--EndFragment --><\/p>\n<p><!--EndFragment --><\/p>\n<p><!--EndFragment --><\/p>\n<p><!--EndFragment --><\/p>\n<p><img decoding=\"async\" src=\"https:\/\/pik-mi.pl\/wp-content\/uploads\/2025\/10\/rozmiarowka-koszulki-regular.webp\" alt=\"rozmiarowka\" \/><br \/>\n<!--EndFragment --><\/p>\n","protected":false},"featured_media":4750,"comment_status":"open","ping_status":"closed","template":"","meta":{"jetpack_publicize_message":"","jetpack_publicize_feature_enabled":true,"jetpack_social_post_already_shared":true,"jetpack_social_options":{"image_generator_settings":{"template":"highway","default_image_id":0,"font":"","enabled":false},"version":2}},"product_brand":[],"product_cat":[56,62],"product_tag":[],"class_list":{"0":"post-4742","1":"product","2":"type-product","3":"status-publish","4":"has-post-thumbnail","6":"product_cat-koszulki","7":"product_cat-z-humorem","9":"first","10":"instock","11":"shipping-taxable","12":"purchasable","13":"product-type-variable","14":"has-default-attributes"},"jetpack_publicize_connections":[],"_links":{"self":[{"href":"https:\/\/pik-mi.pl\/index.php?rest_route=\/wp\/v2\/product\/4742","targetHints":{"allow":["GET"]}}],"collection":[{"href":"https:\/\/pik-mi.pl\/index.php?rest_route=\/wp\/v2\/product"}],"about":[{"href":"https:\/\/pik-mi.pl\/index.php?rest_route=\/wp\/v2\/types\/product"}],"replies":[{"embeddable":true,"href":"https:\/\/pik-mi.pl\/index.php?rest_route=%2Fwp%2Fv2%2Fcomments&post=4742"}],"wp:featuredmedia":[{"embeddable":true,"href":"https:\/\/pik-mi.pl\/index.php?rest_route=\/wp\/v2\/media\/4750"}],"wp:attachment":[{"href":"https:\/\/pik-mi.pl\/index.php?rest_route=%2Fwp%2Fv2%2Fmedia&parent=4742"}],"wp:term":[{"taxonomy":"product_brand","embeddable":true,"href":"https:\/\/pik-mi.pl\/index.php?rest_route=%2Fwp%2Fv2%2Fproduct_brand&post=4742"},{"taxonomy":"product_cat","embeddable":true,"href":"https:\/\/pik-mi.pl\/index.php?rest_route=%2Fwp%2Fv2%2Fproduct_cat&post=4742"},{"taxonomy":"product_tag","embeddable":true,"href":"https:\/\/pik-mi.pl\/index.php?rest_route=%2Fwp%2Fv2%2Fproduct_tag&post=4742"}],"curies":[{"name":"wp","href":"https:\/\/api.w.org\/{rel}","templated":true}]}}