{"id":3933,"date":"2026-01-21T08:09:13","date_gmt":"2026-01-21T07:09:13","guid":{"rendered":"https:\/\/pik-mi.pl\/?post_type=product&#038;p=3933"},"modified":"2026-01-21T08:09:31","modified_gmt":"2026-01-21T07:09:31","slug":"nie-pekaj-kolor-bialy","status":"publish","type":"product","link":"https:\/\/pik-mi.pl\/?product=nie-pekaj-kolor-bialy","title":{"rendered":"Nie p\u0119kaj, kolor bia\u0142y"},"content":{"rendered":"","protected":false},"excerpt":{"rendered":"<p><!--StartFragment --><\/p>\n<p><!--StartFragment --><\/p>\n<p><!--StartFragment --><\/p>\n<p><!--StartFragment --><\/p>\n<p><!--StartFragment --><\/p>\n<p><!--StartFragment --><\/p>\n<p><!--StartFragment --><\/p>\n<p><!--StartFragment --><\/p>\n<p><!--StartFragment --><\/p>\n<p><!--StartFragment --><\/p>\n<p><!--StartFragment --><\/p>\n<p><!--StartFragment --><\/p>\n<p><!--StartFragment --><\/p>\n<p><!--StartFragment --><\/p>\n<p><!--StartFragment --><\/p>\n<p><!--StartFragment --><\/p>\n<p><!--StartFragment --><\/p>\n<p><!--StartFragment --><\/p>\n<p><!--StartFragment --><\/p>\n<p><!--StartFragment --><\/p>\n<p><!--StartFragment --><\/p>\n<p><!--StartFragment --><\/p>\n<p>Ten projekt to idealne po\u0142\u0105czenie emocji, symboliki i delikatnego humoru. Ilustracja przedstawia <strong>poobijane serce oklejone plastrami<\/strong>, kt\u00f3re mimo wszystkiego wci\u0105\u017c trzyma si\u0119 dzielnie. Ca\u0142o\u015b\u0107 dope\u0142nia napis <strong>\u201enie p\u0119kaj\u201d<\/strong> \u2014 prosty, wspieraj\u0105cy komunikat, kt\u00f3ry trafia prosto w serducho. To koszulka dla os\u00f3b, kt\u00f3re lubi\u0105 wyra\u017ca\u0107 siebie, maj\u0105 dystans do \u017cycia i ceni\u0105 projekty z przekazem.<\/p>\n<p><strong>\u2764\ufe0f Dlaczego warto?<\/strong><\/p>\n<ul>\n<li><strong>Symboliczna ilustracja<\/strong> \u2013 poobijane serce z plastrami to metafora si\u0142y i wytrwa\u0142o\u015bci<\/li>\n<li><strong>Motywuj\u0105cy napis \u201enie p\u0119kaj\u201d<\/strong> \u2013 idealny na gorsze dni i jako wsparcie dla bliskiej osoby<\/li>\n<li><strong>Wysoka jako\u015b\u0107 wykonania <\/strong>\u2013 trwa\u0142y nadruk odporny na pranie, 100% bawe\u0142na, gramatura: 190 g\/m\u00b2<\/li>\n<li><strong>Mi\u0119kka, wygodna bawe\u0142na<\/strong> \u2013 \u015bwietna do codziennego noszenia<\/li>\n<li><strong>Unisex i uniwersalny kr\u00f3j<\/strong> \u2013 dost\u0119pna w rozmiarach S\u2013XXXL<\/li>\n<li><strong>\u015awietny prezent<\/strong> \u2013 dla przyjaci\u00f3\u0142, partner\u00f3w, os\u00f3b po przej\u015bciach lub po prostu dla siebie<\/li>\n<\/ul>\n<p><img decoding=\"async\" src=\"https:\/\/pik-mi.pl\/wp-content\/uploads\/2025\/10\/rozmiarowka-koszulki-regular.webp\" alt=\"rozmiarowka\" \/><br \/>\n<!--EndFragment --><\/p>\n","protected":false},"featured_media":3882,"comment_status":"open","ping_status":"closed","template":"","meta":{"jetpack_publicize_message":"","jetpack_publicize_feature_enabled":true,"jetpack_social_post_already_shared":true,"jetpack_social_options":{"image_generator_settings":{"template":"highway","default_image_id":0,"font":"","enabled":false},"version":2}},"product_brand":[],"product_cat":[56,73],"product_tag":[],"class_list":{"0":"post-3933","1":"product","2":"type-product","3":"status-publish","4":"has-post-thumbnail","6":"product_cat-koszulki","7":"product_cat-walentynki","9":"first","10":"instock","11":"shipping-taxable","12":"purchasable","13":"product-type-variable","14":"has-default-attributes"},"jetpack_publicize_connections":[],"_links":{"self":[{"href":"https:\/\/pik-mi.pl\/index.php?rest_route=\/wp\/v2\/product\/3933","targetHints":{"allow":["GET"]}}],"collection":[{"href":"https:\/\/pik-mi.pl\/index.php?rest_route=\/wp\/v2\/product"}],"about":[{"href":"https:\/\/pik-mi.pl\/index.php?rest_route=\/wp\/v2\/types\/product"}],"replies":[{"embeddable":true,"href":"https:\/\/pik-mi.pl\/index.php?rest_route=%2Fwp%2Fv2%2Fcomments&post=3933"}],"wp:featuredmedia":[{"embeddable":true,"href":"https:\/\/pik-mi.pl\/index.php?rest_route=\/wp\/v2\/media\/3882"}],"wp:attachment":[{"href":"https:\/\/pik-mi.pl\/index.php?rest_route=%2Fwp%2Fv2%2Fmedia&parent=3933"}],"wp:term":[{"taxonomy":"product_brand","embeddable":true,"href":"https:\/\/pik-mi.pl\/index.php?rest_route=%2Fwp%2Fv2%2Fproduct_brand&post=3933"},{"taxonomy":"product_cat","embeddable":true,"href":"https:\/\/pik-mi.pl\/index.php?rest_route=%2Fwp%2Fv2%2Fproduct_cat&post=3933"},{"taxonomy":"product_tag","embeddable":true,"href":"https:\/\/pik-mi.pl\/index.php?rest_route=%2Fwp%2Fv2%2Fproduct_tag&post=3933"}],"curies":[{"name":"wp","href":"https:\/\/api.w.org\/{rel}","templated":true}]}}