{"id":3640,"date":"2026-01-05T19:40:32","date_gmt":"2026-01-05T18:40:32","guid":{"rendered":"https:\/\/pik-mi.pl\/?post_type=product&#038;p=3640"},"modified":"2026-01-05T19:45:53","modified_gmt":"2026-01-05T18:45:53","slug":"kazda-babcia-torba-na-zakupy","status":"publish","type":"product","link":"https:\/\/pik-mi.pl\/?product=kazda-babcia-torba-na-zakupy","title":{"rendered":"Ka\u017cda Babcia, torba na zakupy"},"content":{"rendered":"","protected":false},"excerpt":{"rendered":"<p><!--StartFragment --><\/p>\n<p><!--StartFragment --><\/p>\n<p><!--StartFragment --><\/p>\n<p><!--StartFragment --><\/p>\n<p><!--StartFragment --><\/p>\n<p><!--StartFragment --><\/p>\n<p><!--StartFragment --><\/p>\n<p><!--StartFragment --><\/p>\n<p><!--StartFragment --><\/p>\n<p><!--StartFragment --><\/p>\n<p><!--StartFragment --><\/p>\n<p><!--StartFragment --><\/p>\n<p><!--StartFragment --><\/p>\n<p><!--StartFragment --><\/p>\n<p><!--StartFragment --><\/p>\n<p><!--StartFragment --><\/p>\n<p><!--StartFragment --><\/p>\n<p><!--StartFragment --><\/p>\n<p><!--StartFragment --><\/p>\n<p><!--StartFragment --><\/p>\n<p>Szukasz prezentu, kt\u00f3ry naprawd\u0119 wzruszy i rozbawi Twoj\u0105 babci\u0119? Ta torba to idealny wyb\u00f3r na Dzie\u0144 Babci! Urocze rysunki oraz klasyczne zwroty, kt\u00f3re ka\u017cda babcia powtarza z mi\u0142o\u015bci\u0105 i trosk\u0105, tworz\u0105 wyj\u0105tkowy projekt pe\u0142en ciep\u0142a, humoru i rodzinnego klimatu. To prezent, kt\u00f3ry babcia z pewno\u015bci\u0105 we\u017amie ze sob\u0105 \u2014 i poka\u017ce wszystkim woko\u0142o.<\/p>\n<p>\u2764\ufe0f Co znajdziesz na torbie?<br \/>\n\u2022 <strong>Urocze ilustracje<\/strong> \u2013 rysowane (autorskie, bez u\u017cycia generator\u00f3w AI)<br \/>\n\u2022 <strong>Klasyczne babcine teksty\u00a0<\/strong><br \/>\n\u2022 <strong>Ciep\u0142y, rodzinny klimat<\/strong> \u2013 idealny na \u015bwi\u0119to, ale te\u017c na ka\u017cdy dzie\u0144<\/p>\n<p>\u2705 Dlaczego warto?<br \/>\n\u2022 <strong>Wyj\u0105tkowy prezent na Dzie\u0144 Babci<\/strong> \u2013 praktyczny, wzruszaj\u0105cy i pe\u0142en humoru<br \/>\n\u2022 <strong>Wysoka jako\u015b\u0107 nadruku<\/strong> \u2013 trwa\u0142y, odporny na pranie, zachowuje kolory<br \/>\n\u2022 <strong>Projekt, kt\u00f3ry wywo\u0142a u\u015bmiech<\/strong> \u2013 bo ka\u017cda babcia zas\u0142uguje na co\u015b wyj\u0105tkowego<\/p>\n<p><!--EndFragment --><\/p>\n<p><!--EndFragment --><\/p>\n<p><!--EndFragment --><\/p>\n<p><!--EndFragment --><\/p>\n<p><!--EndFragment --><\/p>\n<p><!--EndFragment --><\/p>\n<p><!--EndFragment --><\/p>\n<p><!--EndFragment --><\/p>\n<p><!--EndFragment --><\/p>\n<p><!--EndFragment --><\/p>\n<p><!--EndFragment --><\/p>\n<p><!--EndFragment --><\/p>\n<p><!--EndFragment --><\/p>\n<p><!--EndFragment --><\/p>\n","protected":false},"featured_media":3648,"comment_status":"open","ping_status":"closed","template":"","meta":{"jetpack_publicize_message":"","jetpack_publicize_feature_enabled":true,"jetpack_social_post_already_shared":true,"jetpack_social_options":{"image_generator_settings":{"template":"highway","default_image_id":0,"font":"","enabled":false},"version":2}},"product_brand":[],"product_cat":[72],"product_tag":[],"class_list":{"0":"post-3640","1":"product","2":"type-product","3":"status-publish","4":"has-post-thumbnail","6":"product_cat-torby","8":"first","9":"instock","10":"shipping-taxable","11":"purchasable","12":"product-type-simple"},"jetpack_publicize_connections":[],"_links":{"self":[{"href":"https:\/\/pik-mi.pl\/index.php?rest_route=\/wp\/v2\/product\/3640","targetHints":{"allow":["GET"]}}],"collection":[{"href":"https:\/\/pik-mi.pl\/index.php?rest_route=\/wp\/v2\/product"}],"about":[{"href":"https:\/\/pik-mi.pl\/index.php?rest_route=\/wp\/v2\/types\/product"}],"replies":[{"embeddable":true,"href":"https:\/\/pik-mi.pl\/index.php?rest_route=%2Fwp%2Fv2%2Fcomments&post=3640"}],"wp:featuredmedia":[{"embeddable":true,"href":"https:\/\/pik-mi.pl\/index.php?rest_route=\/wp\/v2\/media\/3648"}],"wp:attachment":[{"href":"https:\/\/pik-mi.pl\/index.php?rest_route=%2Fwp%2Fv2%2Fmedia&parent=3640"}],"wp:term":[{"taxonomy":"product_brand","embeddable":true,"href":"https:\/\/pik-mi.pl\/index.php?rest_route=%2Fwp%2Fv2%2Fproduct_brand&post=3640"},{"taxonomy":"product_cat","embeddable":true,"href":"https:\/\/pik-mi.pl\/index.php?rest_route=%2Fwp%2Fv2%2Fproduct_cat&post=3640"},{"taxonomy":"product_tag","embeddable":true,"href":"https:\/\/pik-mi.pl\/index.php?rest_route=%2Fwp%2Fv2%2Fproduct_tag&post=3640"}],"curies":[{"name":"wp","href":"https:\/\/api.w.org\/{rel}","templated":true}]}}