{"id":3056,"date":"2025-11-20T16:23:40","date_gmt":"2025-11-20T15:23:40","guid":{"rendered":"https:\/\/pik-mi.pl\/?post_type=product&#038;p=3056"},"modified":"2025-12-18T06:03:45","modified_gmt":"2025-12-18T05:03:45","slug":"wyciagnij-kij-kolor-czarny-2","status":"publish","type":"product","link":"https:\/\/pik-mi.pl\/?product=wyciagnij-kij-kolor-czarny-2","title":{"rendered":"Wyci\u0105gnij kij&#8230; kolor: czarny"},"content":{"rendered":"","protected":false},"excerpt":{"rendered":"<p><!--StartFragment --><\/p>\n<p>Masz do\u015b\u0107 sztucznej grzeczno\u015bci i nad\u0119tej atmosfery przy wigilijnym stole? Ta bluza m\u00f3wi wszystko za Ciebie \u2014 z <strong>ironicznym napisem \u201eWyci\u0105gnij kij z dupska, Miko\u0142ajowi r\u00f3zgi zabrak\u0142o\u201d<\/strong> i grafik\u0105 r\u00f3zgi, kt\u00f3ra dodaje ca\u0142o\u015bci zadziornego charakteru. To idealna styl\u00f3wka dla tych, kt\u00f3rzy lubi\u0105 <strong>\u015bwi\u0119ta z dystansem, humorem i bez filtra<\/strong>.<\/p>\n<p>\u2705 Dlaczego warto?<\/p>\n<ul>\n<li><strong>Zabawny i bezpo\u015bredni nadruk<\/strong> \u2013 \u015bwi\u0105teczna r\u00f3zga i tekst, kt\u00f3ry rozbroi ka\u017cd\u0105 spi\u0119t\u0105 atmosfer\u0119<\/li>\n<li><strong>Wysoka jako\u015b\u0107 wykonania <\/strong>&#8211; trwa\u0142y nadruk odporny na pranie, 80% bawe\u0142na, 20% poliester, gramatura: 320 g\/m\u00b2<\/li>\n<li><strong>Dost\u0119pna w r\u00f3\u017cnych rozmiarach<\/strong> \u2013 dost\u0119pna w rozmiarach S\u2013XXL w wersji oversize<\/li>\n<li><strong>\u015awietny pomys\u0142 na prezent<\/strong> \u2013 dla znajomych z ci\u0119tym j\u0119zykiem i dystansem do \u015bwi\u0105t<\/li>\n<\/ul>\n<p>\ud83c\udf81 Bluza na \u015bwi\u0119ta z humorem<\/p>\n<p>To nie kolejna nudna bluza z reniferem. To <strong>\u015bwi\u0105teczny manifest luzu i dystansu<\/strong>, kt\u00f3ry sprawdzi si\u0119 na firmowej wigilii, domowej kolacji czy jako prezent pod choink\u0119. Je\u015bli masz do\u015b\u0107 sztampowych \u017cycze\u0144 i chcesz pokaza\u0107 sw\u00f3j charakter \u2013 ta bluza jest dla Ciebie!<\/p>\n<p><img decoding=\"async\" src=\"https:\/\/pik-mi.pl\/wp-content\/uploads\/2025\/10\/rozmiarowka-bluzy.webp\" alt=\"rozmiarowka\" \/><br \/>\n<!--EndFragment --><\/p>\n","protected":false},"featured_media":3062,"comment_status":"open","ping_status":"closed","template":"","meta":{"jetpack_publicize_message":"","jetpack_publicize_feature_enabled":true,"jetpack_social_post_already_shared":true,"jetpack_social_options":{"image_generator_settings":{"template":"highway","default_image_id":0,"font":"","enabled":false},"version":2}},"product_brand":[],"product_cat":[57],"product_tag":[],"class_list":{"0":"post-3056","1":"product","2":"type-product","3":"status-publish","4":"has-post-thumbnail","6":"product_cat-bluzy","8":"first","9":"outofstock","10":"shipping-taxable","11":"purchasable","12":"product-type-variable"},"jetpack_publicize_connections":[],"_links":{"self":[{"href":"https:\/\/pik-mi.pl\/index.php?rest_route=\/wp\/v2\/product\/3056","targetHints":{"allow":["GET"]}}],"collection":[{"href":"https:\/\/pik-mi.pl\/index.php?rest_route=\/wp\/v2\/product"}],"about":[{"href":"https:\/\/pik-mi.pl\/index.php?rest_route=\/wp\/v2\/types\/product"}],"replies":[{"embeddable":true,"href":"https:\/\/pik-mi.pl\/index.php?rest_route=%2Fwp%2Fv2%2Fcomments&post=3056"}],"wp:featuredmedia":[{"embeddable":true,"href":"https:\/\/pik-mi.pl\/index.php?rest_route=\/wp\/v2\/media\/3062"}],"wp:attachment":[{"href":"https:\/\/pik-mi.pl\/index.php?rest_route=%2Fwp%2Fv2%2Fmedia&parent=3056"}],"wp:term":[{"taxonomy":"product_brand","embeddable":true,"href":"https:\/\/pik-mi.pl\/index.php?rest_route=%2Fwp%2Fv2%2Fproduct_brand&post=3056"},{"taxonomy":"product_cat","embeddable":true,"href":"https:\/\/pik-mi.pl\/index.php?rest_route=%2Fwp%2Fv2%2Fproduct_cat&post=3056"},{"taxonomy":"product_tag","embeddable":true,"href":"https:\/\/pik-mi.pl\/index.php?rest_route=%2Fwp%2Fv2%2Fproduct_tag&post=3056"}],"curies":[{"name":"wp","href":"https:\/\/api.w.org\/{rel}","templated":true}]}}